67
Calculate the remainder when 195 is divided by 26.
13
Calculate the remainder when 392 is divided by 5.
2
Calculate the remainder when 843 is divided by 50.
43
Calculate the remainder when 438 is divided by 111.
105
Calculate the remainder when 219 is divided by 72.
3
Calculate the remainder when 119 is divided by 24.
23
What is the remainder when 620 is divided by 249?
122
Calculate the remainder when 508 is divided by 16.
12
What is the remainder when 269 is divided by 58?
37
Calculate the remainder when 316 is divided by 89.
49
Calculate the remainder when 307 is divided by 44.
43
What is the remainder when 164 is divided by 47?
23
What is the remainder when 82 is divided by 18?
10
Calculate the remainder when 362 is divided by 186.
176
Calculate the remainder when 167 is divided by 59.
49
Calculate the remainder when 348 is divided by 91.
75
What is the remainder when 134 is divided by 40?
14
What is the remainder when 4922 is divided by 112?
106
Calculate the remainder when 140 is divided by 95.
45
Calculate the remainder when 51 is divided by 13.
12
What is the remainder when 210 is divided by 74?
62
What is the remainder when 1470 is divided by 92?
90
Calculate the remainder when 7771 is divided by 116.
115
Calculate the remainder when 58 is divided by 16.
10
What is the remainder when 519 is divided by 13?
12
What is the remainder when 1089 is divided by 191?
134
Calculate the remainder when 901 is divided by 151.
146
What is the remainder when 87 is divided by 7?
3
What is the remainder when 626 is divided by 22?
10
Calculate the remainder when 1670 is divided by 36.
14
Calculate the remainder when 49 is divided by 23.
3
Calculate the remainder when 23 is divided by 15.
8
Calculate the remainder when 24569 is divided by 54.
53
Calculate the remainder when 390 is divided by 36.
30
Calculate the remainder when 290 is divided by 254.
36
What is the remainder when 699 is divided by 119?
104
Calculate the remainder when 106 is divided by 37.
32
What is the remainder when 167 is divided by 55?
2
What is the remainder when 155 is divided by 74?
7
What is the remainder when 112 is divided by 43?
26
What is the remainder when 388 is divided by 79?
72
Calculate the remainder when 757 is divided by 301.
155
Calculate the remainder when 124 is divided by 54.
16
What is the remainder when 73 is divided by 2?
1
What is the remainder when 2175 is divided by 18?
15
What is the remainder when 1221 is divided by 30?
21
Calculate the remainder when 2310 is divided by 755.
45
What is the remainder when 98 is divided by 35?
28
What is the remainder when 8989 is divided by 58?
57
What is the remainder when 71 is divided by 6?
5
Calculate the remainder when 201 is divided by 36.
21
Calculate the remainder when 210 is divided by 13.
2
What is the remainder when 2523 is divided by 419?
9
What is the remainder when 328 is divided by 84?
76
Calculate the remainder when 2288 is divided by 456.
8
What is the remainder when 147 is divided by 5?
2
Calculate the remainder when 121 is divided by 10.
1
Calculate the remainder when 110 is divided by 57.
53
What is the remainder when 2750 is divided by 73?
49
Calculate the remainder when 29 is divided by 10.
9
Calculate the remainder when 54 is divided by 42.
12
What is the remainder when 445 is divided by 50?
45
What is the remainder when 1855 is divided by 612?
19
What is the remainder when 4292 is divided by 2139?
14
Calculate the remainder when 87 is divided by 17.
2
What is the remainder when 3171 is divided by 25?
21
What is the remainder when 104 is divided by 19?
9
What is the remainder when 395 is divided by 22?
21
What is the remainder when 14104 is divided by 83?
77
Calculate the remainder when 808 is divided by 9.
7
Calculate the remainder when 311 is divided by 5.
1
What is the remainder when 148 is divided by 31?
24
What is the remainder when 58 is divided by 31?
27
What is the remainder when 190 is divided by 16?
14
Calculate the remainder when 31695 is divided by 54.
51
What is the remainder when 85 is divided by 74?
11
What is the remainder when 395 is divided by 133?
129
Calculate the remainder when 151 is divided by 139.
12
Calculate the remainder when 227 is divided by 57.
56
What is the remainder when 227 is divided by 12?
11
What is the remainder when 106 is divided by 18?
16
What is the remainder when 2423 is divided by 12?
11
Calculate the remainder when 99 is divided by 42.
15
Calculate the remainder when 224 is divided by 78.
68
What is the remainder when 418 is divided by 20?
18
What is the remainder when 434 is divided by 112?
98
Calculate the remainder when 174 is divided by 22.
20
Calculate the remainder when 83 is divided by 44.
39
Calculate the remainder when 71 is divided by 25.
21
Calculate the remainder when 114 is divided by 32.
18
Calculate the remainder when 35068 is divided by 35.
33
Calculate the remainder when 94 is divided by 41.
12
What is the remainder when 1843 is divided by 368?
3
Calculate the remainder when 1357 is divided by 675.
7
What is the remainder when 626 is divided by 162?
140
What is the remainder when 2071 is divided by 684?
19
Calculate the remainder when 1301 is divided by 231.
146
What is the remainder when 58 is divided by 10?
8
What is the remainder when 328 is divided by 66?
64
What is the remainder when 546 is divided by 62?
50
What is the remainder when 503 is divided by 85?
78
What is the remainder when 112 is divided by 17?
10
What is the remainder when 650 is divided by 109?
105
Calculate the remainder when 7327 is divided by 7.
5
Calculate the remainder when 5788 is divided by 305.
298
Calculate the remainder when 13 is divided by 2.
1
What is the remainder when 8074 is divided by 16?
10
Calculate the remainder when 60 is divided by 31.
29
What is the remainder when 275 is divided by 40?
35
What is the remainder when 26 is divided by 6?
2
Calculate the remainder when 19 is divided by 16.
3
Calculate the remainder when 92 is divided by 20.
12
What is the remainder when 4628 is divided by 4?
0
Calculate the remainder when 52 is divided by 4.
0
What is the remainder when 1737 is divided by 116?
113
What is the remainder when 952 is divided by 311?
19
Calculate the remainder when 1291 is divided by 19.
18
Calculate the remainder when 384 is divided by 290.
94
What is the remainder when 179 is divided by 27?
17
What is the remainder when 65 is divided by 27?
11
Calculate the remainder when 1324 is divided by 16.
12
What is the remainder when 126 is divided by 12?
6
Calculate the remainder when 250 is divided by 36.
34
Calculate the remainder when 8 is divided by 3.
2
Calculate the remainder when 369 is divided by 223.
146
Calculate the remainder when 2527 is divided by 14.
7
Calculate the remainder when 2252 is divided by 386.
322
Calculate the remainder when 285 is divided by 120.
45
Calculate the remainder when 38 is divided by 8.
6
Calculate the remainder when 1986 is divided by 17.
14
Calculate the remainder when 1762 is divided by 68.
62
What is the remainder when 307 is divided by 31?
28
Calculate the remainder when 775 is divided by 375.
25
Calculate the remainder when 958 is divided by 60.
58
What is the remainder when 437 is divided by 64?
53
Calculate the remainder when 67 is divided by 14.
11
What is the remainder when 1280 is divided by 415?
35
Calculate the remainder when 4235 is divided by 26.
23
Calculate the remainder when 67 is divided by 14.
11
What is the remainder when 5707 is divided by 168?
163
What is the remainder when 805 is divided by 4?
1
What is the remainder when 94 is divided by 24?
22
Calculate the remainder when 388 is divided by 56.
52
Calculate the remainder when 196 is divided by 41.
32
Calculate the remainder when 184 is divided by 167.
17
What is the remainder when 1039 is divided by 4?
3
Calculate the remainder when 581 is divided by 53.
51
What is the remainder when 729 is divided by 12?
9
Calculate the remainder when 87 is divided by 22.
21
Calculate the remainder when 4296 is divided by 7.
5
What is the remainder when 1017 is divided by 54?
45
Calculate the remainder when 1185 is divided by 1172.
13
Calculate the remainder when 1316 is divided by 164.
4
Calculate the remainder when 243 is divided by 34.
5
W